 of 86262.
2, 3, 11, 1307
List the prime factors of 11817266.
2, 41, 211, 683
List the prime factors of 981698.
2, 490849
List the prime factors of 303150.
2, 3, 5, 43, 47
What are the prime factors of 1096579?
11, 99689
List the prime factors of 504096.
2, 3, 59, 89
List the prime factors of 320675.
5, 101, 127
What are the prime factors of 3525396?
2, 3, 7, 41969
List the prime factors of 659652.
2, 3, 7, 7853
List the prime factors of 6412331.
23, 83, 3359
What are the prime factors of 206400?
2, 3, 5, 43
List the prime factors of 1400903.
7, 29, 67, 103
What are the prime factors of 4300490?
2, 5, 17, 41, 617
What are the prime factors of 125830?
2, 5, 12583
List the prime factors of 2068549.
7, 19, 103, 151
List the prime factors of 216944.
2, 7, 13, 149
List the prime factors of 360246.
2, 3, 60041
What are the prime factors of 2786977?
19, 146683
What are the prime factors of 694328?
2, 229, 379
List the prime factors of 3625126.
2, 1812563
List the prime factors of 394572.
2, 3, 131, 251
List the prime factors of 4210981.
4210981
List the prime factors of 106202.
2, 53101
What are the prime factors of 2292390?
2, 3, 5, 25471
List the prime factors of 458475.
3, 5, 6113
What are the prime factors of 17333405?
5, 3466681
What are the prime factors of 12696274?
2, 6348137
What are the prime factors of 2936934?
2, 3, 7, 11, 13, 163
List the prime factors of 1524445.
5, 13, 47, 499
What are the prime factors of 6116779?
6116779
List the prime factors of 10547685.
3, 5, 23, 43, 79
What are the prime factors of 7201564?
2, 233, 7727
What are the prime factors of 1137264?
2, 3, 19, 29, 43
List the prime factors of 276827.
276827
List the prime factors of 8131760.
2, 5, 7, 13, 1117
List the prime factors of 249016.
2, 17, 1831
What are the prime factors of 929152?
2, 7, 17, 61
List the prime factors of 859177.
11, 37, 2111
List the prime factors of 577233.
3, 21379
List the prime factors of 808508.
2, 202127
What are the prime factors of 3693785?
5, 738757
List the prime factors of 1873797.
3, 624599
List the prime factors of 2995898.
2, 1497949
What are the prime factors of 10928254?
2, 5464127
List the prime factors of 396018.
2, 3, 7, 449
List the prime factors of 18499369.
7, 19, 367, 379
List the prime factors of 593093.
47, 12619
List the prime factors of 388063.
13, 29851
List the prime factors of 30692.
2, 7673
What are the prime factors of 11196205?
5, 257, 8713
List the prime factors of 784685.
5, 11, 1297
List the prime factors of 10159524.
2, 3, 43, 6563
List the prime factors of 16071577.
16071577
What are the prime factors of 9439871?
7, 1348553
List the prime factors of 750517.
750517
List the prime factors of 307258.
2, 7, 17, 1291
List the prime factors of 220126.
2, 110063
List the prime factors of 305433.
3, 33937
List the prime factors of 9442.
2, 4721
List the prime factors of 1798111.
7, 256873
What are the prime factors of 116201?
116201
List the prime factors of 469292.
2, 23, 5101
What are the prime factors of 130834?
2, 11, 19, 313
What are the prime factors of 8147974?
2, 223, 18269
List the prime factors of 3518.
2, 1759
What are the prime factors of 73203?
3, 13, 1877
List the prime factors of 784638.
2, 3, 43591
List the prime factors of 8003219.
7, 23333
List the prime factors of 1989848.
2, 7, 35533
List the prime factors of 220021.
220021
What are the prime factors of 718401?
3, 43, 5569
What are the prime factors of 13061032?
2, 17, 137, 701
What are the prime factors of 3879091?
523, 7417
What are the prime factors of 8337007?
7, 29, 5867
List the prime factors of 365126.
2, 17, 10739
What are the prime factors of 3403445?
5, 37, 18397
List the prime factors of 1208417.
7, 47, 3673
What are the prime factors of 4007640?
2, 3, 5, 7, 13, 367
What are the prime factors of 5950?
2, 5, 7, 17
List the prime factors of 15658064.
2, 41, 23869
List the prime factors of 22141835.
5, 257, 17231
List the prime factors of 905675.
5, 17, 2131
What are the prime factors of 380529?
3, 42281
List the prime factors of 165806.
2, 82903
What are the prime factors of 430218?
2, 3, 31, 257
What are the prime factors of 2362674?
2, 3, 393779
What are the prime factors of 303764?
2, 75941
List the prime factors of 992759.
127, 7817
List the prime factors of 19362177.
3, 2151353
What are the prime factors of 6670148?
2, 1667537
What are the prime factors of 14216107?
109, 130423
What are the prime factors of 1883071?
19, 99109
List the prime factors of 2885467.
13, 173, 1283
What are the prime factors of 1288413?
3, 7, 17, 401
What are the prime factors of 361822?
2, 131, 1381
What are the prime factors of 1698602?
2, 849301
What are the prime factors of 226463?
226463
List the prime factors of 7763734.
2, 11, 359, 983
What are the prime factors of 373413?
3, 124471
What are the prime factors of 1077961?
97, 11113
List the prime factors of 1447126.
2, 723563
What are the prime factors of 388720?
2, 5, 43, 113
What are the prime factors of 10127798?
2, 19, 266521
List the prime factors of 21474403.
463, 46381
List the prime factors of 1408064.
2, 7, 449
List the prime factors of 752487.
3, 250829
List the prime factors of 28261.
59, 479
List the prime factors of 20097430.
2, 5, 97, 20719
What are the prime factors of 137256?
2, 3, 7, 19, 43
List the prime factors of 347500.
2, 5, 139
List the prime factors of 138326.
2, 69163
What are the prime factors of 170777?
170777
What are the prime factors of 17878245?
3, 5, 7, 11, 23, 673
What are the prime factors of 28551489?
3, 167, 56989
What are the prime factors of 140373?
3, 1733
List the prime factors of 2179419.
3, 11, 211, 313
What are the prime factors of 5263326?
2, 3, 29, 3361
List the prime factors of 2104485.
3, 5, 307, 457
What are the prime factors of 140578?
2, 70289
What are the prime factors of 198188?
2, 49547
What are the prime factors of 64693?
64693
List the prime factors of 2037146.
2, 37, 27529
What are the prime factors of 18945512?
2, 47, 50387
List the prime factors of 1564105.
5, 31, 10091
What are the prime factors of 1890402?
2, 3, 315067
What are the prime factors of 12853812?
2, 3, 1071151
What are the prime factors of 5284713?
3, 7, 251653
What are the prime factors of 4908917?
13, 29, 449
What are the prime factors of 4868754?
2, 3, 11, 71, 1039
List the prime factors of 83839.
7, 29, 59
What are the prime factors of 614877?
3, 41, 4999
List the prime factors of 33069361.
13, 2543797
What are the prime factors of 3334187?
1123, 2969
What are the prime factors of 6000042?
2, 3, 29, 34483
What are the prime factors of 8879011?
101, 87911
What are the prime factors of 178575?
3, 5, 2381
List the prime factors of 3760111.
17, 29, 263
What are the prime factors of 481387?
481387
List the prime factors of 87960.
2, 3, 5, 733
What are the prime factors of 7092063?
3, 11, 23879
List the prime factors of 1980191.
1980191
What are the prime factors of 4270317?
3, 1423439
List the prime factors of 1656527.
37, 44771
List the prime factors of 3749767.
7, 491, 1091
List the prime factors of 6765234.
2, 3, 7, 23011
What are the prime factors of 189476?
2, 7, 67, 101
What are the prime factors of 1265182?
2, 632591
List the prime factors of 228274.
2, 311, 367
List the prime factors of 153387.
3, 13, 19, 23
List the prime factors of 120696.
2, 3, 47, 107
List the prime factors of 16029818.
2, 7, 691, 1657
What are the prime factors of 870027?
3, 79, 3671
List the prime factors of 202674.
2, 3, 17, 1987
What are the prime factors of 12051649?
12051649
List the prime factors of 39755760.
2, 3, 5, 11, 37
List the prime factors of 618161.
618161
What are the prime factors of 1820642?
2, 397, 2293
What are the prime factors of 1709557?
31, 55147
List the prime factors of 19860816.
2, 3, 59, 7013
What are the prime factors of 89880?
2, 3, 5, 7, 107
What are the prime factors of 2677236?
2, 3, 223103
What are the prime factors of 4940315?
5, 31, 31873
List the prime factors of 2272508.
2, 7, 277, 293
What are the prime factors of 3778983?
3, 13, 32299
List the prime factors of 607735.
5, 121547
What are the prime factors of 3067886?
2, 79, 19417
What are the prime factors of 2319675?
3, 5, 157, 197
What are the prime factors of 134023?
223, 601
What are the prime factors of 2